the remainder when h(l) is divided by 12?
11
Suppose -5*k = -5*w - 30, 5*k + 6*w = 3*w + 46. Let b be 2/(-8) + (-102)/8. Let l = -8 - b. Calculate the remainder when k is divided by l.
3
Suppose 3*c = -0*c - 5*i + 134, -2*c + 2*i + 116 = 0. What is the remainder when c is divided by 14?
11
Suppose 105 = 81*g - 78*g. What is the remainder when g is divided by 6?
5
Let r = 29 - 18. Calculate the remainder when 21 is divided by r.
10
Let a = -118 - -174. Let h = a + -29. Let t(g) = g**3 + 8*g**2 - 10*g + 5. What is the remainder when h is divided by t(-9)?
13
What is the remainder when (2 + -1)/(10/70) is divided by 4?
3
Let l(i) = -i**2 - 4*i - 5. Let b be l(-5). Let j = 1 - -2. What is the remainder when (1 + b/6)*-12 is divided by j?
2
Let t = 30 - -37. Calculate the remainder when t is divided by 35.
32
Let z = -1 - -5. Let s be 5/20 + (-25)/z. What is the remainder when 7 is divided by (s/(-8))/((-3)/(-12))?
1
Let a(b) = 10*b**2 + 2*b - 1. Let k be a(-2). Suppose -3*x + 4*p + k = 6*p, -49 = -3*x + 5*p. Calculate the remainder when 23 is divided by x.
10
Suppose 0 = 2*g + g - 2*d - 51, 12 = 4*d. Calculate the remainder when g is divided by 2*(-4)/8 + 8.
5
Suppose 0 = -5*z - 4*i + 8, i + 6 = 5*z - 17. Let j(y) = 8*y**2 + 1. What is the remainder when (0 + 22)/1 + z is divided by j(-1)?
8
Calculate the remainder when 67 is divided by (-2)/(-12) + 1162/84.
11
Let b(i) = 17*i**2 + 2*i + 1. What is the remainder when (12/3)/((-6)/(-45)) is divided by b(-1)?
14
Let l = -5 + 7. Let h(b) = 3 - 5 + b - l. Calculate the remainder when 5 is divided by h(6).
1
Suppose -215 = 4*r - 1195. Suppose -4*x = x - r. What is the remainder when x is divided by 17?
15
Let k = -4 - 61. Let l = -26 - k. What is the remainder when l is divided by 14?
11
Let q(m) = m**2 + 4*m - 2. Calculate the remainder when q(4) is divided by 21.
9
Suppose 301 = 3*x + 4*x. What is the remainder when 167 is divided by x?
38
Suppose 233 = 2*g + 23. Suppose -5*a = -122 - 13. What is the remainder when g is divided by a?
24
Suppose -52 = -4*z - 4*b, -16 = -5*b + b. Calculate the remainder when 41 is divided by z.
5
Let j(i) = 2*i**2 - 7*i + 2. Let r = 1 + 4. What is the remainder when 33 is divided by j(r)?
16
Suppose 1 = -2*v + 11. Let l(s) = s**2 - 4*s. Let p be l(6). Suppose -v*y - 46 = -z - p, 0 = -4*z - 5*y + 36. What is the remainder when 40 is divided by z?
12
Let a = -60 - -102. What is the remainder when a is divided by 11?
9
Suppose -m - 3*f = -16, 2*f - 40 = -2*m - 0*f. What is the remainder when m is divided by 10/(1 + 0) + -2?
6
Suppose -s + 38 = s. Calculate the remainder when s is divided by 1/((9/(-33))/(-3)).
8
Suppose 3*s + s = 3*r - 27, -27 = -3*r - 2*s. What is the remainder when 70 is divided by r?
7
Suppose 0*v = -y + 4*v + 125, y - 93 = -4*v. Suppose -81 = 5*f + y. Let x = f - -54. What is the remainder when 46 is divided by x?
14
Let u(s) = 3*s**2 - 1. Calculate the remainder when ((4/(-8))/(-1))/(4/152) is divided by u(2).
8
Let p(w) = 2*w**3 + w**2 - 1. Let m be p(1). Let c(l) = 8*l - 2. Calculate the remainder when 40 is divided by c(m).
12
Let m(y) = y**2 + y + 5. Let i be m(-6). Suppose -3*z - i = -8*z. What is the remainder when 18 is divided by z?
4
Let n(c) = 10*c**2 - 2*c. Let k be n(2). Let t = 54 - k. Calculate the remainder when 35 is divided by t.
17
Suppose -2*i = -5*t + 125, -t + 95 = 4*t + 4*i. Let v = -2 + 70. What is the remainder when v is divided by t?
22
Let s(r) = -r + 6. Suppose p + 2*x - 16 = 4*p, -3*x - 12 = 0. Calculate the remainder when 53 is divided by s(p).
11
Let y be -38*(7/(-2) + 3). Let a = y + -4. Let s = 21 - a. What is the remainder when 15 is divided by s?
3
Let i(j) = -7*j - 4. Let s be i(-3). Let m = 42 - s. Calculate the remainder when m is divided by 13.
12
Suppose 2*t = 27 - 21. What is the remainder when 9 is divided by t?
0
Suppose -f + 18 = f. Let w(v) = 25*v**2 + 1. Calculate the remainder when w(1) is divided by f.
8
Let y(d) = 7*d**2 + 3*d - 5. What is the remainder when y(3) is divided by 17?
16
Let s(r) = r**2 + 6*r + 5. Let d(f) = f + 16. Let g be d(-13). Suppose -g*t + 2*t + 3 = 0. Calculate the remainder when s(-6) is divided by t.
2
Let h(l) = -l - 3. Let m(o) = -2*o**3 + 1. Calculate the remainder when h(-6) is divided by m(0).
0
Let h(d) = -d + 10. Let g be h(8). Suppose -g*q + 24 = 2*a, -5*a + 27 = -0*q + 2*q. What is the remainder when 30 is divided by q?
8
Let j(i) be the second derivative of -i**3/6 + 8*i**2 - i. Let h(u) = -34*u - 3. What is the remainder when h(-1) is divided by j(0)?
15
Let o = -3 + 10. Let w(a) = -4*a + 7. Suppose 1 = -4*p - 19. Calculate the remainder when w(p) is divided by o.
6
Let b = 26 - 1. Let w be (-4)/(-2) + (-4)/(-2). Suppose -47 = -w*n - a, 6*n - 2*n + 3*a = 37. What is the remainder when b is divided by n?
12
Let y(u) = -10*u + 1. Suppose 5*v + 12 + 28 = 0. Let l be y(v). Suppose -15 = -2*g + 3*m + 9, -5*g - 3*m = -l. Calculate the remainder when 29 is divided by g.
14
Suppose 6 = -2*x - 4. Let w(g) be the second derivative of -g**3/3 + 3*g**2 - 5*g. Calculate the remainder when 31 is divided by w(x).
15
Suppose -3*c - c = 3*h - 47, 3*c - 29 = 4*h. Suppose -2*v = 6 - 70. What is the remainder when v is divided by c?
10
Suppose -5*f - 26 = -231. What is the remainder when f is divided by 14?
13
Suppose -c = l, -8 + 20 = 3*l - c. Suppose -l*w = -w - 6. Calculate the remainder when 5 is divided by w.
2
Let k(t) = -t**2 + 18*t + 7. What is the remainder when k(10) is divided by 11?
10
Suppose -28 = 2*j - 4*j. Calculate the remainder when 53 is divided by j.
11
Suppose -3*q + 5*n + 5 + 48 = 0, -3*q - 4*n = -17. Calculate the remainder when 32 is divided by q.
10
Suppose 4*f - 19 + 155 = 0. Let q = -12 - f. Calculate the remainder when 41 is divided by q.
19
What is the remainder when 43 is divided by 15 - 1/(-1) - (7 + -3)?
7
Let o = 18 + -12. Suppose -o*s = -4*s + 10. Let g(u) = -u**3 - 3*u**2 + 7*u + 3. What is the remainder when 53 is divided by g(s)?
17
Suppose -2*j + 6*j = 60. Calculate the remainder when 43 is divided by j.
13
What is the remainder when (-2)/6 - 1793/(-33) is divided by 14?
12
Suppose 14*f - 453 = -75. Calculate the remainder when f is divided by 11.
5
Let i be 5*2/10*4. Suppose -i*a - 2*q = -18, -2*a + 3 = 3*q - 4. What is the remainder when 8 is divided by a?
3
Suppose 3*g + 16 = 5*g. Calculate the remainder when g is divided by 3.
2
Let t(w) = -4*w - 6. Let y(f) = 5*f + 5. Let x(c) = -3*t(c) - 2*y(c). Calculate the remainder when 43 is divided by x(7).
21
Suppose 3*w = w + 6. Let z = 16 + 48. Calculate the remainder when z is divided by (66/15)/(w/15).
20
Let j = -1 - -7. Suppose 3*u - 4*n + 16 = -1, u + n = -8. Calculate the remainder when (-68)/u + (-2)/(-7) is divided by j.
4
Suppose 5*u + 24 = d, -8 - 7 = -2*d - u. Let g = 9 - 5. Calculate the remainder when d is divided by g.
1
Let a be 2 + (8 - (3 + -3)). Let g = 6 - 4. Suppose -3*h + a + g = 0. Calculate the remainder when 6 is divided by h.
2
Let s = -14 + 1. Let n = s + 18. What is the remainder when -6*((-32)/(-6))/(-4) is divided by n?
3
Suppose 3*m + 26 = -34. Let l = m - -29. Calculate the remainder when 33 is divided by l.
6
Calculate the remainder when 106 is divided by (396/(-45))/((-4)/10).
18
Let b be 2/1 - (-52 + -3). Suppose b + 168 = 5*s. Suppose -s = -2*v + c, 3*v - 68 = -0*v + c. Calculate the remainder when v is divided by 6.
5
Suppose 0 = -2*i + 3*i - 31. Let w = 2 - 0. Suppose 0 = -w*n - 5*a + 34, -n - 4*a = n - 34. What is the remainder when i is divided by n?
14
Suppose 3*r + 0*r - 153 = 0. Let d(l) = l**2 + 1. Let x(m) = -2*m**2 - 5*m - 9. Let c(f) = 3*d(f) + x(f). What is the remainder when r is divided by c(8)?
15
Suppose 2*y - 19 = -j, 0 = -5*j + 4*y + 11 + 14. Let c(x) = x**2 - 6*x + 6. Let h be c(7). Let q = 3 + h. What is the remainder when q is divided by j?
7
Suppose 4*u - 162 = -2*f, -5*u + 55 = -4*f - 141. Calculate the remainder when u is divided by 26.
14
Let n = 79 + -30. Calculate the remainder when n is divided by 13.
10
Suppose -3*p - 4*y = -3 - 37, -y + 25 = 2*p. What is the remainder when 22 is divided by p?
10
Let h(t) = t**3 - 7*t**2 + 7. What is the remainder when h(7) is divided by 3?
1
Let x = -44 - -130. What is the remainder when x is divided 